t of b?
1
Suppose -5*g + 2783 = u, -8*u + 7*u = 2*g - 1112. What is the hundreds digit of g?
5
Suppose 4*u - 5*o = 2522, -2*u - 5*o + 1485 = 239. What is the tens digit of u?
2
Suppose -19*j - s + 67 = -14*j, -23 = -j + 3*s. Suppose r - 3*r - 16 = 0. Let v = j + r. What is the units digit of v?
6
Let a(f) = -f**2 - f + 31. Suppose 0 = v - 5*v + 12. Suppose -3*b = -2*c - 3, 5*c - v*b - 2*b + 5 = 0. What is the tens digit of a(c)?
3
Suppose 6*x - 3*f - 36 = x, 4*x + 2*f - 42 = 0. What is the units digit of (-4 - -3) + x*6?
3
Let n = 6 + -55. Let x = 37 + n. What is the tens digit of (6/x)/((-1)/20)?
1
Let a(b) = 2*b - 4. Let f be a(3). Suppose 0*p - f*p + 3*m = -64, 2*m = p - 30. What is the tens digit of p?
3
Let u(h) = 23*h**2 + 36*h - 34. What is the units digit of u(7)?
5
Suppose -2*p + 1 = -5. Let d = -191 + 193. What is the units digit of (1 - d)/(2 - p)?
1
What is the tens digit of (-2)/(-5) + 6206/10?
2
What is the tens digit of 3 - 0 - (36 + -376)?
4
Let k be 0 + 7 - (-3 + 6). Suppose k*i - 170 - 422 = 0. What is the hundreds digit of i?
1
Suppose 0 = 5*d + 4*v - 1632, 3*v = 4*d - 0*v - 1287. What is the tens digit of d?
2
Let m = -48 - -50. Suppose -m*j + 53 = -j + 3*c, 3*c - 129 = -3*j. What is the tens digit of j?
3
Let z = 278 - 101. Suppose 0 = q + 2*g - 3 - 42, 4*q + 5*g - z = 0. Suppose 2*u - 20 = -w + 17, -2*u = -w - q. What is the tens digit of u?
2
Suppose 8*h - 5*h = 555. Suppose 4*d - 5*d = 3*k - h, -3*d = -2*k - 599. Suppose -g + 2 = 0, 5*o + g = -0*o + d. What is the units digit of o?
9
Let q = 61 - 27. Suppose -q = -5*k + 3*k. What is the tens digit of k?
1
Let y = 13 + -12. Let q be 1*((1 - y) + 0). Let l = 19 - q. What is the tens digit of l?
1
Suppose 4*q - 14 = -5*b + q, -3*q - 6 = 0. Let y be b/(-10) - 198/(-45). Suppose -y*t + 2*u = -182, -4*u = -3*t - 0*u + 139. What is the tens digit of t?
4
Suppose 0 = -z + 5*l + 225, 480 = 15*z - 13*z - 4*l. What is the units digit of z?
0
Let a = -15 - -34. Suppose 8*i + a + 77 = 0. Let v = i + 15. What is the units digit of v?
3
Let n(i) = -i + 3. Let q be n(3). Suppose q = -3*j + 17 + 7. Suppose 5*b = 25, -j*f - 3*b + 71 = -4*f. What is the units digit of f?
4
Let h = 9 - 5. Suppose -5*n + n - 2*l + 834 = 0, -191 = -n - h*l. What is the tens digit of n?
1
Let r(d) = d**3 + 7*d**2 + d + 1. Let x(v) = v**3 + 5*v**2 - v - 10. Let z be x(-5). What is the units digit of r(z)?
6
Suppose c - 14 + 10 = 0. Suppose 0*v + c*v = 308. Suppose 130 = 5*w - 3*j, -2*w + 5*w - v = 2*j. What is the units digit of w?
9
Let m be (40/32)/((-1)/(-4)). Let g be ((-4)/m)/(2/(-5)). Suppose -61 = -4*o + 5*h, -5*o - 5*h = -g*h - 67. What is the tens digit of o?
1
Let q(x) = 90*x - 315. What is the hundreds digit of q(26)?
0
Suppose -13*g + 49590 + 14656 = 0. What is the units digit of g?
2
Let f(i) = i**3 - 18*i**2 - 20*i + 21. Let w be f(19). Suppose -s + 54 = 3*u, -w*s - 24 = -5*u - 143. What is the units digit of s?
7
Suppose -2*o + 2*d = 122, 5*o - 2*d + 0*d = -305. Suppose -6*a = -2*a + 344. Let t = o - a. What is the tens digit of t?
2
Let v(u) = 28*u - 11. Let d be v(4). What is the tens digit of (5 - d)*(-6)/9?
6
Let y = 19 - 29. Let b be y/(-4) + (-3)/6. Suppose b*r + 254 = 4*t, 0*t + 5*t + 3*r = 312. What is the units digit of t?
3
Let t = -398 - -557. Suppose -o - 4*o - 2*s - t = 0, 0 = -5*o + 4*s - 177. What is the units digit of (-6)/o - 84/(-22)?
4
Let z(g) = 5*g - 10*g - 4*g + 7 + 8*g**2 - 2*g + g**3. What is the tens digit of z(-9)?
2
Let u(c) = c**2 - 1. Let k be u(-1). Suppose k = f - 5*w + 9, -4*f - 97 = 3*w - 38. Let d = -4 - f. What is the tens digit of d?
1
Suppose -3*b = -3*u + 51, 3*u - 5*b - 51 = -7*b. Let g(t) be the third derivative of t**5/60 - 17*t**4/24 + 3*t**3 - 2*t**2. What is the tens digit of g(u)?
1
Suppose -1391 = -3*n + 5*x, -32*x - 465 = -n - 29*x. What is the hundreds digit of n?
4
Let p(y) = -3*y**3 - y**2 - 3*y + 2. Let q be p(1). Let h(d) = 5*d**2 - d + 4. What is the tens digit of h(q)?
3
Let o be (-3162)/14 + (-7)/49. Let w = -141 - o. What is the units digit of w?
5
Suppose 0 = -7*c + 11*c + 616. Let w = c - -328. What is the tens digit of w?
7
Suppose 2*u + 2*u + 8 = 0, 5*l - 2*u = 4. Suppose l*k - 72 = -k - q, k - 5*q = 48. What is the units digit of k?
8
Let h(m) = m - 5. Let f be h(7). Suppose -g + 4*u + 20 = -f, 0 = -g + 2*u + 12. Suppose -17 = -l + g. What is the units digit of l?
9
Suppose 3*a = 5*r + 78, -5*a = -2*r - 61 - 50. Let b = 24 - a. Suppose 0*g + 46 = b*h + 2*g, -h = -g - 22. What is the units digit of h?
8
Let f be (-3)/((-15)/370) + -2. Suppose -25 = -2*l + 5*q + 55, q + f = 2*l. What is the units digit of l?
5
Let k(l) be the second derivative of 0 - 1/20*l**5 + 3/2*l**3 - 3/4*l**4 + 2*l**2 + 4*l. What is the tens digit of k(-10)?
1
Let v = 29 - 68. Suppose -2*c = -2*z + 136, 5*c + 2*z - 190 + 544 = 0. Let l = v - c. What is the tens digit of l?
3
Let o(r) = r**3 + 3*r**2 + 3*r + 3. Let x be o(-2). Suppose 5 = -3*l + 20. Suppose l*j + x - 21 = 0. What is the units digit of j?
4
Let t(w) be the second derivative of -1/20*w**5 + w**2 + 0 - 5*w + 5/12*w**4 - 2/3*w**3. What is the units digit of t(3)?
8
Let t be ((-10)/(-4))/((-1)/(-42)). Suppose 0*j - t = -3*j. What is the tens digit of j?
3
Let a(v) = -3 - 11 + 0*v**3 + 3*v - 15*v**2 + 5*v**3 - 4*v**3. What is the tens digit of a(15)?
3
Suppose 5*t + 5*u - 12190 = 0, 15686 - 5902 = 4*t - 4*u. What is the hundreds digit of t?
4
What is the tens digit of 150492/60 + 12/15?
0
Let k(m) = -m**2 + 3*m + 14. Let h be k(-7). Let w = 91 + h. What is the tens digit of w?
3
Suppose -2*a + 2*z = 5*z + 13, -23 = 2*a + 5*z. Let q be (3/a + -3)/1. What is the tens digit of (-50)/(-2) - (2 - q)?
2
Let y = 1009 - 457. What is the tens digit of y?
5
Suppose 0 = -7*b + 5*b - 10. What is the tens digit of (16/b)/((-5)/125*2)?
4
Let z = -842 - -1441. What is the tens digit of z?
9
Let l(i) = i**2 - 2*i. Let p be l(-4). Let o = 17 + -17. Suppose b + o*b - p = 0. What is the tens digit of b?
2
Suppose 0 = -19*j + 17*j - 4, 3*k + 5*j = 206. Suppose -6*z + 3*z = 144. Let q = k + z. What is the tens digit of q?
2
Let r(a) = -2*a**3 + a**2 - 5*a - 6. Let o be r(-4). Suppose 3*s + 2*d - 187 = 0, -5*s + o = -3*d - 141. What is the tens digit of s?
6
Let y be (-4)/(-3) - 710/(-30). Suppose -3*h - 2*h + y = 0. Suppose 4*a + h*p - 2*p = 104, -99 = -3*a + 3*p. What is the tens digit of a?
2
Let a be -2 + (18 - (-3)/(-12)*0). Let x(v) = v**2 + 1. What is the hundreds digit of x(a)?
2
Let s = 292 + 93. What is the tens digit of s?
8
What is the units digit of 6 + -2 + -7 + 942?
9
Let p = -100 + 164. Let g = -102 + 193. Let m = g - p. What is the units digit of m?
7
Let k = 17 - 14. Suppose r - 216 = -k*r. Suppose x - r = -2*x. What is the units digit of x?
8
Suppose -32*o - 4652 = -13868. What is the units digit of o?
8
What is the hundreds digit of (1*(-10)/2 - -602) + -2?
5
Suppose -5*i + 3*i = -22. Let j = 128 - i. What is the units digit of j?
7
Let c(i) = -31*i**3 + 2*i**2 - 1. Suppose 3*l = -3*o - 49 - 26, 3*l + 4*o = -78. Let v be 26/l - (-6)/33. What is the units digit of c(v)?
2
Let t(c) = 4*c**3 + 2*c**2. Let n be t(3). Suppose -13*w + n = -11*w. What is the units digit of w?
3
Let q(r) = -r**2 + r + 18. Let w(c) = c. Let p(f) = -q(f) + 2*w(f). What is the units digit of p(-8)?
8
Suppose 19*w + 9077 = 42631. What is the thousands digit of w?
1
Let i = 2151 + -635. What is the units digit of i?
6
Suppose 3*p - 92 = 190. Let q(j) = j**2 + j - 9. Let h be q(-4). Suppose -h*a - 31 = -p. What is the tens digit of a?
2
Let y be (170/4)/(-5)*-10. Suppose 0 = 5*n - 2*w - 133, 5*n + 4*w = 2*n + y. What is the units digit of (72/n)/(4/6)?
4
Let g = 332 + -40. What is the hundreds digit of g?
2
Suppose 0 = 3*s - 4*u + 3*u - 3, 4*u + 12 = 4*s. Suppose -h + 30 = -s*h. What is the tens digit of h?
3
Suppose 3*f - 5*q = 12, 2*f - 8 = -3*q + 4*q. Suppose -f*x - 12 = 0, 17 = 5*s - 5*x - 8. What is the units digit of (4/(-8))/(s/(-36))?
9
Let f = 0 - 4. What is the tens digit of -3 + (2 - -57) + f?
5
Let o = -44 - -64. Let v(g) = 3*g + 4. Let q be v(12). Let s = q - o. What is the units digit of s?
0
Let o(t) = 4*t - 1 + 0 + 2*t**2 - 8*t. Let w be o(-1). Suppose w*a = 0, -26 = -4*c + 3*a + 118. What is the units digit of c?
6
